{"id":10,"date":"2018-07-03T06:00:08","date_gmt":"2018-07-03T09:00:08","guid":{"rendered":"https:\/\/calltorque.com.br\/index.php\/partners\/"},"modified":"2026-02-03T20:32:02","modified_gmt":"2026-02-03T23:32:02","slug":"aplicacoes","status":"publish","type":"page","link":"https:\/\/calltorque.com.br\/index.php\/aplicacoes\/","title":{"rendered":"Aplica\u00e7\u00f5es"},"content":{"rendered":"\n\n\t<h1>\n\t\t\t\tAPLICA\u00c7\u00d5ES DE EQUIPAMENTOS PROFISSIONAIS\n\t\t\t<\/h1>\n\t\t\t<p>Veja algumas aplica\u00e7\u00f5es e exemplos de Equipamentos Profissionais, Ferramentas Industriais e Acess\u00f3rios.<\/p>\t\n\t\t\t<h2>Exemplos de Aplica\u00e7\u00f5es<\/h2>\t\t\t\n\t\t\t\t<p>A Calltorque disponibiliza a seus clientes uma extensa linha de produtos e ferramentas industriais com a mais alta tecnologia.<\/p>\n<p><strong>Design inovador, ergonomia, seguran\u00e7a, flexibilidade, adequa\u00e7\u00e3o de necessidades, resist\u00eancia, qualidade, durabilidade, garantia, entre outros, s\u00e3o algumas das caracter\u00edsticas destes produtos.<\/strong><\/p>\n<p>Nem sempre os clientes sabem como utilizar as ferramentas. Por este motivo criamos esta p\u00e1gina para demonstrar, na pr\u00e1tica, diversos exemplos de aplica\u00e7\u00f5es de equipamentos profissionais, que servem para visualizar a facilidade de utiliza\u00e7\u00e3o das ferramentas e produtos, e a aplicabilidade de todas as linhas.<\/p>\n<p>Como exemplo, destacamos os torqu\u00edmetros ou chaves de torque que possuem diferentes denomina\u00e7\u00f5es e aplica\u00e7\u00f5es. S\u00e3o mais de 20 diferentes equipamentos de aperto, torqu\u00edmetro hidr\u00e1ulico, torqu\u00edmetro de estalo, torqu\u00edmetro autozone, torqu\u00edmetro digital, torqu\u00edmetro a bateria, entre outros. Cada qual com suas caracter\u00edsticas, especificidades e alguns com tecnologia de \u00faltima gera\u00e7\u00e3o, com recursos realmente extraordin\u00e1rios para aplica\u00e7\u00f5es singulares.<\/p>\n<p><strong>Voc\u00ea realmente conhece todos os modelos de torqu\u00edmetros, e saberia qual destas ferramentas \u00e9 a mais indicada para suas opera\u00e7\u00f5es?<\/strong><\/p>\n<p>Em caso de d\u00favidas ou maiores informa\u00e7\u00f5es, entre em contato imediato conosco:<\/p>\n\t\t\t<a href=\"https:\/\/calltorque.com.br\/index.php\/contato\/\" title=\"quero saber mais\" target=\"_self\"   role=\"button\" aria-label=\"quero saber mais\">\n\t\t\t\t\t\t\t\t\t\t\tquero saber mais\n\t\t<\/a>\n<h2>\n\t\t\tAPLICA\u00c7\u00d5ES  EGA MASTER\t<\/h2>\n\t\t\t\t\t\t\t\t\t\t\t<img decoding=\"async\" src=\"https:\/\/calltorque.com.br\/wp-content\/uploads\/2024\/01\/Kanban_warehouses_Egamaster-w.jpg\" alt=\"Kanban_warehouses_Egamaster-w\"\/>\n\t\t\t\t\t<p>ARMAZENAMENTO E ESTOQUE<\/p>\t\t\t\t\t\n\t\t\t<a href=\"https:\/\/calltorque.com.br\/index.php\/aplicacoes\/ega-kanban-armazenamento\/\" title=\"VEJA MAIS\" target=\"_blank\" rel=\"noopener\"  role=\"button\" aria-label=\"VEJA MAIS\">\n\t\t\t\t\t\t\tVEJA MAIS\n\t\t<\/a>\n\t\t\t\t\t\t\t\t\t\t\t<img decoding=\"async\" src=\"https:\/\/calltorque.com.br\/wp-content\/uploads\/2024\/01\/Ega-Loc_Egamaster-w.jpg\" alt=\"Ega-Loc_Egamaster-w\"\/>\n\t\t\t\t\t<p>EGA LOC<\/p>\t\t\t\t\t\n\t\t\t<a href=\"https:\/\/calltorque.com.br\/index.php\/aplicacoes\/ega-loc-aplicacao\/\" title=\"VEJA MAIS\" target=\"_blank\" rel=\"noopener\"  role=\"button\" aria-label=\"VEJA MAIS\">\n\t\t\t\t\t\t\tVEJA MAIS\n\t\t<\/a>\n\t\t\t\t\t\t\t\t\t\t\t<img decoding=\"async\" src=\"https:\/\/calltorque.com.br\/wp-content\/uploads\/2024\/01\/EgaWare_EgaMaster_w.jpg\" alt=\"EgaWare_EgaMaster_w\"\/>\n\t\t\t\t\t<p>EGA WARE<\/p>\t\t\t\t\t\n\t\t\t<a href=\"https:\/\/calltorque.com.br\/index.php\/aplicacoes\/ega-ware-aplicacao\/\" title=\"VEJA MAIS\" target=\"_blank\" rel=\"noopener\"  role=\"button\" aria-label=\"VEJA MAIS\">\n\t\t\t\t\t\t\tVEJA MAIS\n\t\t<\/a>\n\t\t\t\t\t\t\t\t\t\t\t<img decoding=\"async\" src=\"https:\/\/calltorque.com.br\/wp-content\/uploads\/2024\/01\/EgaSmartStation_EgaMaster-w.jpg\" alt=\"EgaSmartStation_EgaMaster-w\"\/>\n\t\t\t\t\t<p>SMART STATION<\/p>\t\t\t\t\t\n\t\t\t<a href=\"https:\/\/calltorque.com.br\/index.php\/aplicacoes\/ega-smart-station-aplicacao\/\" title=\"VEJA MAIS\" target=\"_blank\" rel=\"noopener\"  role=\"button\" aria-label=\"VEJA MAIS\">\n\t\t\t\t\t\t\tVEJA MAIS\n\t\t<\/a>\n<h2>\n\t\t\tAPLICA\u00c7\u00d5ES  GRIPNAIL\t<\/h2>\n\t\t\t\t\t\t\t\t\t\t\t<img decoding=\"async\" src=\"https:\/\/calltorque.com.br\/wp-content\/uploads\/2021\/09\/Aplicacao-Gripnail-Metal-Tack_-300x209-1.jpg\" alt=\"Aplica\u00e7\u00e3o-Gripnail-Metal-Tack_-300x209\"\/>\n\t\t\t\t\t<p>Aplicadora Gripnail 211<\/p>\t\t\t\t\t\n\t\t\t<a href=\"https:\/\/calltorque.com.br\/index.php\/aplicacao-gripnail-211\/\" title=\"VEJA MAIS\" target=\"_blank\" rel=\"noopener\"  role=\"button\" aria-label=\"VEJA MAIS\">\n\t\t\t\t\t\t\tVEJA MAIS\n\t\t<\/a>\n\t\t\t\t\t\t\t\t\t\t\t<img decoding=\"async\" src=\"https:\/\/calltorque.com.br\/wp-content\/uploads\/2021\/08\/Fixador-DriveTack_P.jpg\" alt=\"Fixador-DriveTack_P\"\/>\n\t\t\t\t\t<p>Aplica\u00e7\u00f5es Fixadores Drive Tack<\/p>\t\t\t\t\t\n\t\t\t<a href=\"https:\/\/calltorque.com.br\/index.php\/aplicacao-fixadores-drive-tack-gripnail\/\" title=\"VEJA MAIS\" target=\"_blank\" rel=\"noopener\"  role=\"button\" aria-label=\"VEJA MAIS\">\n\t\t\t\t\t\t\tVEJA MAIS\n\t\t<\/a>\n\t\t\t\t\t\t\t\t\t\t\t<img decoding=\"async\" src=\"https:\/\/calltorque.com.br\/wp-content\/uploads\/2021\/08\/Fixador-de-cabos-TackMount_P.jpg\" alt=\"Fixador-de-cabos-TackMount_P\"\/>\n\t\t\t\t\t<p>Fixador de cabos Tack Mount<\/p>\t\t\t\t\t\n\t\t\t<a href=\"https:\/\/calltorque.com.br\/index.php\/aplicacao-tack-mount\/\" title=\"VEJA MAIS\" target=\"_blank\" rel=\"noopener\"  role=\"button\" aria-label=\"VEJA MAIS\">\n\t\t\t\t\t\t\tVEJA MAIS\n\t\t<\/a>\n<h2>\n\t\t\tAPLICA\u00c7\u00d5ES  CEJN\t<\/h2>\n\t\t\t\t\t\t\t\t\t\t\t<img decoding=\"async\" src=\"https:\/\/calltorque.com.br\/wp-content\/uploads\/2021\/08\/Click-WEO-destaque.jpg\" alt=\"Click-WEO-destaque\"\/>\n\t\t\t\t\t<p>Click Weo<\/p>\t\t\t\t\t\n\t\t\t<a href=\"https:\/\/calltorque.com.br\/index.php\/aplicacao-conexoes-click-weo\/\" title=\"VEJA MAIS\" target=\"_self\"   role=\"button\" aria-label=\"VEJA MAIS\">\n\t\t\t\t\t\t\tVEJA MAIS\n\t\t<\/a>\n\t\t\t<h2>JUNTE-SE A N\u00d3S<\/h2>\t\t\t\n\t\t\t\t<p>Conhe\u00e7a nossa linha de produtos e as in\u00fameras aplica\u00e7\u00f5es, nossos servi\u00e7os t\u00e9cnicos, consultoria e loca\u00e7\u00e3o, e descubra como podemos ajud\u00e1-lo!<\/p>\n\t\t\t<a href=\"https:\/\/calltorque.com.br\/index.php\/contato\/\" title=\"solicite nosso contato agora\" target=\"_self\"   role=\"button\" aria-label=\"solicite nosso contato agora\">\n\t\t\t\t\t\t\tsolicite nosso contato agora\n\t\t<\/a>\n\n","protected":false},"excerpt":{"rendered":"<p>APLICA\u00c7\u00d5ES DE EQUIPAMENTOS PROFISSIONAIS Veja algumas aplica\u00e7\u00f5es e exemplos de Equipamentos Profissionais, Ferramentas Industriais e Acess\u00f3rios. Exemplos de Aplica\u00e7\u00f5es A Calltorque disponibiliza a seus clientes uma extensa linha de produtos e ferramentas industriais com a mais alta tecnologia. Design inovador, ergonomia, seguran\u00e7a, flexibilidade, adequa\u00e7\u00e3o de necessidades, resist\u00eancia, qualidade, durabilidade, garantia, entre outros, s\u00e3o algumas das [&hellip;]<\/p>\n","protected":false},"author":1,"featured_media":3367,"parent":0,"menu_order":0,"comment_status":"closed","ping_status":"closed","template":"","meta":{"site-sidebar-layout":"default","site-content-layout":"page-builder","ast-site-content-layout":"default","site-content-style":"default","site-sidebar-style":"default","ast-global-header-display":"","ast-banner-title-visibility":"","ast-main-header-display":"","ast-hfb-above-header-display":"","ast-hfb-below-header-display":"","ast-hfb-mobile-header-display":"","site-post-title":"disabled","ast-breadcrumbs-content":"","ast-featured-img":"disabled","footer-sml-layout":"","ast-disable-related-posts":"","theme-transparent-header-meta":"enabled","adv-header-id-meta":"","stick-header-meta":"","header-above-stick-meta":"","header-main-stick-meta":"","header-below-stick-meta":"","astra-migrate-meta-layouts":"default","ast-page-background-enabled":"default","ast-page-background-meta":{"desktop":{"background-color":"","background-image":"","background-repeat":"repeat","background-position":"center center","background-size":"auto","background-attachment":"scroll","background-type":"","background-media":"","overlay-type":"","overlay-color":"","overlay-opacity":"","overlay-gradient":""},"tablet":{"background-color":"","background-image":"","background-repeat":"repeat","background-position":"center center","background-size":"auto","background-attachment":"scroll","background-type":"","background-media":"","overlay-type":"","overlay-color":"","overlay-opacity":"","overlay-gradient":""},"mobile":{"background-color":"","background-image":"","background-repeat":"repeat","background-position":"center center","background-size":"auto","background-attachment":"scroll","background-type":"","background-media":"","overlay-type":"","overlay-color":"","overlay-opacity":"","overlay-gradient":""}},"ast-content-background-meta":{"desktop":{"background-color":"var(--ast-global-color-5)","background-image":"","background-repeat":"repeat","background-position":"center center","background-size":"auto","background-attachment":"scroll","background-type":"","background-media":"","overlay-type":"","overlay-color":"","overlay-opacity":"","overlay-gradient":""},"tablet":{"background-color":"var(--ast-global-color-5)","background-image":"","background-repeat":"repeat","background-position":"center center","background-size":"auto","background-attachment":"scroll","background-type":"","background-media":"","overlay-type":"","overlay-color":"","overlay-opacity":"","overlay-gradient":""},"mobile":{"background-color":"var(--ast-global-color-5)","background-image":"","background-repeat":"repeat","background-position":"center center","background-size":"auto","background-attachment":"scroll","background-type":"","background-media":"","overlay-type":"","overlay-color":"","overlay-opacity":"","overlay-gradient":""}},"footnotes":""},"class_list":["post-10","page","type-page","status-publish","has-post-thumbnail","hentry"],"yoast_head":"<!-- This site is optimized with the Yoast SEO plugin v27.5 - https:\/\/yoast.com\/product\/yoast-seo-wordpress\/ -->\n<title>Aplica\u00e7\u00f5es de Equipamentos Profissionais, veja exemplos<\/title>\n<meta name=\"description\" content=\"Qual ferramenta utilizar? Veja algumas aplica\u00e7\u00f5es de equipamentos profissionais e saiba como utilizar, ou qual comprar para suas aplica\u00e7\u00f5es\" \/>\n<meta name=\"robots\" content=\"index, follow, max-snippet:-1, max-image-preview:large, max-video-preview:-1\" \/>\n<link rel=\"canonical\" href=\"https:\/\/calltorque.com.br\/index.php\/aplicacoes\/\" \/>\n<meta property=\"og:locale\" content=\"pt_BR\" \/>\n<meta property=\"og:type\" content=\"article\" \/>\n<meta property=\"og:title\" content=\"Aplica\u00e7\u00f5es de Equipamentos Profissionais, veja exemplos\" \/>\n<meta property=\"og:description\" content=\"Qual ferramenta utilizar? Veja algumas aplica\u00e7\u00f5es de equipamentos profissionais e saiba como utilizar, ou qual comprar para suas aplica\u00e7\u00f5es\" \/>\n<meta property=\"og:url\" content=\"https:\/\/calltorque.com.br\/index.php\/aplicacoes\/\" \/>\n<meta property=\"og:site_name\" content=\"Calltorque Ferramentas Industriais\" \/>\n<meta property=\"article:modified_time\" content=\"2026-02-03T23:32:02+00:00\" \/>\n<meta property=\"og:image\" content=\"https:\/\/calltorque.com.br\/wp-content\/uploads\/2023\/09\/Aplicacoes-de-equipamentos-profissionais-Torquimetro-Pneumatico-Serie-RP_6_.webp\" \/>\n\t<meta property=\"og:image:width\" content=\"650\" \/>\n\t<meta property=\"og:image:height\" content=\"453\" \/>\n\t<meta property=\"og:image:type\" content=\"image\/webp\" \/>\n<meta name=\"twitter:card\" content=\"summary_large_image\" \/>\n<meta name=\"twitter:label1\" content=\"Est. tempo de leitura\" \/>\n\t<meta name=\"twitter:data1\" content=\"4 minutos\" \/>\n<script type=\"application\/ld+json\" class=\"yoast-schema-graph\">{\"@context\":\"https:\\\/\\\/schema.org\",\"@graph\":[{\"@type\":\"WebPage\",\"@id\":\"https:\\\/\\\/calltorque.com.br\\\/index.php\\\/aplicacoes\\\/\",\"url\":\"https:\\\/\\\/calltorque.com.br\\\/index.php\\\/aplicacoes\\\/\",\"name\":\"Aplica\u00e7\u00f5es de Equipamentos Profissionais, veja exemplos\",\"isPartOf\":{\"@id\":\"https:\\\/\\\/calltorque.com.br\\\/#website\"},\"primaryImageOfPage\":{\"@id\":\"https:\\\/\\\/calltorque.com.br\\\/index.php\\\/aplicacoes\\\/#primaryimage\"},\"image\":{\"@id\":\"https:\\\/\\\/calltorque.com.br\\\/index.php\\\/aplicacoes\\\/#primaryimage\"},\"thumbnailUrl\":\"https:\\\/\\\/calltorque.com.br\\\/wp-content\\\/uploads\\\/2023\\\/09\\\/Aplicacoes-de-equipamentos-profissionais-Torquimetro-Pneumatico-Serie-RP_6_.webp\",\"datePublished\":\"2018-07-03T09:00:08+00:00\",\"dateModified\":\"2026-02-03T23:32:02+00:00\",\"description\":\"Qual ferramenta utilizar? Veja algumas aplica\u00e7\u00f5es de equipamentos profissionais e saiba como utilizar, ou qual comprar para suas aplica\u00e7\u00f5es\",\"breadcrumb\":{\"@id\":\"https:\\\/\\\/calltorque.com.br\\\/index.php\\\/aplicacoes\\\/#breadcrumb\"},\"inLanguage\":\"pt-BR\",\"potentialAction\":[{\"@type\":\"ReadAction\",\"target\":[\"https:\\\/\\\/calltorque.com.br\\\/index.php\\\/aplicacoes\\\/\"]}]},{\"@type\":\"ImageObject\",\"inLanguage\":\"pt-BR\",\"@id\":\"https:\\\/\\\/calltorque.com.br\\\/index.php\\\/aplicacoes\\\/#primaryimage\",\"url\":\"https:\\\/\\\/calltorque.com.br\\\/wp-content\\\/uploads\\\/2023\\\/09\\\/Aplicacoes-de-equipamentos-profissionais-Torquimetro-Pneumatico-Serie-RP_6_.webp\",\"contentUrl\":\"https:\\\/\\\/calltorque.com.br\\\/wp-content\\\/uploads\\\/2023\\\/09\\\/Aplicacoes-de-equipamentos-profissionais-Torquimetro-Pneumatico-Serie-RP_6_.webp\",\"width\":650,\"height\":453},{\"@type\":\"BreadcrumbList\",\"@id\":\"https:\\\/\\\/calltorque.com.br\\\/index.php\\\/aplicacoes\\\/#breadcrumb\",\"itemListElement\":[{\"@type\":\"ListItem\",\"position\":1,\"name\":\"Home\",\"item\":\"https:\\\/\\\/calltorque.com.br\\\/\"},{\"@type\":\"ListItem\",\"position\":2,\"name\":\"Aplica\u00e7\u00f5es\"}]},{\"@type\":\"WebSite\",\"@id\":\"https:\\\/\\\/calltorque.com.br\\\/#website\",\"url\":\"https:\\\/\\\/calltorque.com.br\\\/\",\"name\":\"Calltorque Ferramentas Industriais\",\"description\":\"Ferramentas Industriais 5.0\",\"publisher\":{\"@id\":\"https:\\\/\\\/calltorque.com.br\\\/#organization\"},\"potentialAction\":[{\"@type\":\"SearchAction\",\"target\":{\"@type\":\"EntryPoint\",\"urlTemplate\":\"https:\\\/\\\/calltorque.com.br\\\/?s={search_term_string}\"},\"query-input\":{\"@type\":\"PropertyValueSpecification\",\"valueRequired\":true,\"valueName\":\"search_term_string\"}}],\"inLanguage\":\"pt-BR\"},{\"@type\":\"Organization\",\"@id\":\"https:\\\/\\\/calltorque.com.br\\\/#organization\",\"name\":\"Calltorque Ferramentas Industriais\",\"url\":\"https:\\\/\\\/calltorque.com.br\\\/\",\"logo\":{\"@type\":\"ImageObject\",\"inLanguage\":\"pt-BR\",\"@id\":\"https:\\\/\\\/calltorque.com.br\\\/#\\\/schema\\\/logo\\\/image\\\/\",\"url\":\"https:\\\/\\\/calltorque.com.br\\\/wp-content\\\/uploads\\\/2021\\\/05\\\/Calltorque_logo1a.png\",\"contentUrl\":\"https:\\\/\\\/calltorque.com.br\\\/wp-content\\\/uploads\\\/2021\\\/05\\\/Calltorque_logo1a.png\",\"width\":400,\"height\":91,\"caption\":\"Calltorque Ferramentas Industriais\"},\"image\":{\"@id\":\"https:\\\/\\\/calltorque.com.br\\\/#\\\/schema\\\/logo\\\/image\\\/\"}}]}<\/script>\n<!-- \/ Yoast SEO plugin. -->","yoast_head_json":{"title":"Aplica\u00e7\u00f5es de Equipamentos Profissionais, veja exemplos","description":"Qual ferramenta utilizar? Veja algumas aplica\u00e7\u00f5es de equipamentos profissionais e saiba como utilizar, ou qual comprar para suas aplica\u00e7\u00f5es","robots":{"index":"index","follow":"follow","max-snippet":"max-snippet:-1","max-image-preview":"max-image-preview:large","max-video-preview":"max-video-preview:-1"},"canonical":"https:\/\/calltorque.com.br\/index.php\/aplicacoes\/","og_locale":"pt_BR","og_type":"article","og_title":"Aplica\u00e7\u00f5es de Equipamentos Profissionais, veja exemplos","og_description":"Qual ferramenta utilizar? Veja algumas aplica\u00e7\u00f5es de equipamentos profissionais e saiba como utilizar, ou qual comprar para suas aplica\u00e7\u00f5es","og_url":"https:\/\/calltorque.com.br\/index.php\/aplicacoes\/","og_site_name":"Calltorque Ferramentas Industriais","article_modified_time":"2026-02-03T23:32:02+00:00","og_image":[{"width":650,"height":453,"url":"https:\/\/calltorque.com.br\/wp-content\/uploads\/2023\/09\/Aplicacoes-de-equipamentos-profissionais-Torquimetro-Pneumatico-Serie-RP_6_.webp","type":"image\/webp"}],"twitter_card":"summary_large_image","twitter_misc":{"Est. tempo de leitura":"4 minutos"},"schema":{"@context":"https:\/\/schema.org","@graph":[{"@type":"WebPage","@id":"https:\/\/calltorque.com.br\/index.php\/aplicacoes\/","url":"https:\/\/calltorque.com.br\/index.php\/aplicacoes\/","name":"Aplica\u00e7\u00f5es de Equipamentos Profissionais, veja exemplos","isPartOf":{"@id":"https:\/\/calltorque.com.br\/#website"},"primaryImageOfPage":{"@id":"https:\/\/calltorque.com.br\/index.php\/aplicacoes\/#primaryimage"},"image":{"@id":"https:\/\/calltorque.com.br\/index.php\/aplicacoes\/#primaryimage"},"thumbnailUrl":"https:\/\/calltorque.com.br\/wp-content\/uploads\/2023\/09\/Aplicacoes-de-equipamentos-profissionais-Torquimetro-Pneumatico-Serie-RP_6_.webp","datePublished":"2018-07-03T09:00:08+00:00","dateModified":"2026-02-03T23:32:02+00:00","description":"Qual ferramenta utilizar? Veja algumas aplica\u00e7\u00f5es de equipamentos profissionais e saiba como utilizar, ou qual comprar para suas aplica\u00e7\u00f5es","breadcrumb":{"@id":"https:\/\/calltorque.com.br\/index.php\/aplicacoes\/#breadcrumb"},"inLanguage":"pt-BR","potentialAction":[{"@type":"ReadAction","target":["https:\/\/calltorque.com.br\/index.php\/aplicacoes\/"]}]},{"@type":"ImageObject","inLanguage":"pt-BR","@id":"https:\/\/calltorque.com.br\/index.php\/aplicacoes\/#primaryimage","url":"https:\/\/calltorque.com.br\/wp-content\/uploads\/2023\/09\/Aplicacoes-de-equipamentos-profissionais-Torquimetro-Pneumatico-Serie-RP_6_.webp","contentUrl":"https:\/\/calltorque.com.br\/wp-content\/uploads\/2023\/09\/Aplicacoes-de-equipamentos-profissionais-Torquimetro-Pneumatico-Serie-RP_6_.webp","width":650,"height":453},{"@type":"BreadcrumbList","@id":"https:\/\/calltorque.com.br\/index.php\/aplicacoes\/#breadcrumb","itemListElement":[{"@type":"ListItem","position":1,"name":"Home","item":"https:\/\/calltorque.com.br\/"},{"@type":"ListItem","position":2,"name":"Aplica\u00e7\u00f5es"}]},{"@type":"WebSite","@id":"https:\/\/calltorque.com.br\/#website","url":"https:\/\/calltorque.com.br\/","name":"Calltorque Ferramentas Industriais","description":"Ferramentas Industriais 5.0","publisher":{"@id":"https:\/\/calltorque.com.br\/#organization"},"potentialAction":[{"@type":"SearchAction","target":{"@type":"EntryPoint","urlTemplate":"https:\/\/calltorque.com.br\/?s={search_term_string}"},"query-input":{"@type":"PropertyValueSpecification","valueRequired":true,"valueName":"search_term_string"}}],"inLanguage":"pt-BR"},{"@type":"Organization","@id":"https:\/\/calltorque.com.br\/#organization","name":"Calltorque Ferramentas Industriais","url":"https:\/\/calltorque.com.br\/","logo":{"@type":"ImageObject","inLanguage":"pt-BR","@id":"https:\/\/calltorque.com.br\/#\/schema\/logo\/image\/","url":"https:\/\/calltorque.com.br\/wp-content\/uploads\/2021\/05\/Calltorque_logo1a.png","contentUrl":"https:\/\/calltorque.com.br\/wp-content\/uploads\/2021\/05\/Calltorque_logo1a.png","width":400,"height":91,"caption":"Calltorque Ferramentas Industriais"},"image":{"@id":"https:\/\/calltorque.com.br\/#\/schema\/logo\/image\/"}}]}},"_links":{"self":[{"href":"https:\/\/calltorque.com.br\/index.php\/wp-json\/wp\/v2\/pages\/10","targetHints":{"allow":["GET"]}}],"collection":[{"href":"https:\/\/calltorque.com.br\/index.php\/wp-json\/wp\/v2\/pages"}],"about":[{"href":"https:\/\/calltorque.com.br\/index.php\/wp-json\/wp\/v2\/types\/page"}],"author":[{"embeddable":true,"href":"https:\/\/calltorque.com.br\/index.php\/wp-json\/wp\/v2\/users\/1"}],"replies":[{"embeddable":true,"href":"https:\/\/calltorque.com.br\/index.php\/wp-json\/wp\/v2\/comments?post=10"}],"version-history":[{"count":11,"href":"https:\/\/calltorque.com.br\/index.php\/wp-json\/wp\/v2\/pages\/10\/revisions"}],"predecessor-version":[{"id":4077,"href":"https:\/\/calltorque.com.br\/index.php\/wp-json\/wp\/v2\/pages\/10\/revisions\/4077"}],"wp:featuredmedia":[{"embeddable":true,"href":"https:\/\/calltorque.com.br\/index.php\/wp-json\/wp\/v2\/media\/3367"}],"wp:attachment":[{"href":"https:\/\/calltorque.com.br\/index.php\/wp-json\/wp\/v2\/media?parent=10"}],"curies":[{"name":"wp","href":"https:\/\/api.w.org\/{rel}","templated":true}]}}