{"id":9,"date":"2018-07-03T05:59:58","date_gmt":"2018-07-03T08:59:58","guid":{"rendered":"https:\/\/calltorque.com.br\/index.php\/contact-us\/"},"modified":"2025-04-29T12:00:59","modified_gmt":"2025-04-29T15:00:59","slug":"contato","status":"publish","type":"page","link":"https:\/\/calltorque.com.br\/index.php\/contato\/","title":{"rendered":"Contato"},"content":{"rendered":"\n\n\t<h1>\n\t\t\t\tEQUIPAMENTOS PROFISSIONAIS DE ALTA PERFORMANCE\n\t\t\t<\/h1>\n\t\t\t<p>CONTATE-NOS. ATENDEMOS EM TODO O BRASIL<\/p>\t\n\t\t\t<h5>CONTATO<\/h5><h3>Comercial<\/h3>\t\t\t\n\t\t\t\t<h5>Ana Paula da Silva Ribeiro<\/h5>\n<p>Assistente Comercial<br \/>Fone +55 <strong>51 3662 7324<\/strong><br \/>WhatsApp +55 <strong>51 9853 55067<\/strong><br \/><strong>comercial@calltorque.com.br<\/strong><\/p>\n\t\t\t<h5>CONTATO<\/h5><h3>Comercial \/ Loca\u00e7\u00e3o<\/h3>\t\t\t\n\t\t\t\t<h5>Ana Paula da Silva Ribeiro<\/h5>\n<p>Assistente Comercial<br \/>Fone +55 <strong>51 3662 7324<\/strong><br \/>WhatsApp +55 51 <strong>99884 7324<\/strong><br \/><strong>locacao@calltorque.com.br<\/strong><\/p>\n\t\t\t<h5>CONTATO<\/h5><h3>Adm\/Financeiro<\/h3>\t\t\t\n\t\t\t\t<h5>Fabiani Aparecida Silveira<\/h5>\n<p>Assistente Adm\/Financeiro<br \/>Fone +55 <strong>51 3662 7324<\/strong><br \/>WhatsApp +55 <strong>51 9853 55067<\/strong><br \/><strong>adm@calltorque.com.br<\/strong><\/p>\n\t<h3>\n\t\t\t\tFIQUE CONECTADO CONOSCO:\n\t\t\t<\/h3>\n\t<p>Entre em contato atrav\u00e9s de um dos canais de atendimento, envie-nos uma mensagem ou venha nos visitar agendando uma visita por telefone.<\/p>\nNosso hor\u00e1rio de atendimento \u00e9 de Segunda \u00e0 Sexta<br \/>\ndas 8h30 \u00e0s 12h e das 13h30 \u00e0s 18h.\n\t<h4>\n\t\t\t\tendere\u00e7o\n\t\t\t<\/h4>\n\t\t\t<p>Av. Affonso Porto Emerim, n\u00ba 1104 Bairro Pitangueiras<br \/>95500-000 Santo Ant\u00f4nio da Patrulha, RS \/ Brasil<\/p>\t\n\t<ul>\n\t\t<li><p>ADMINISTRA\u00c7\u00c3OFone +55 51 3662 7324<br \/>adm@calltorque.com.br<\/p><\/li><li>COMERCIALMobile +55 51 98535 5067<br \/>Mobile +55 51 98686 8502<br \/>comercial@calltorque.com.br<\/li><li>LOCA\u00c7\u00c3OMobile +55 51 99884 7324<br \/>locacao@calltorque.com.br<\/li>\t<\/ul>\n\t\t\t<a href=\"https:\/\/locacao.calltorque.com.br\/\" target=\"_blank\" rel=\"noopener\">\n\t\t\t\t\t\tJ\u00c1 CONHECE O TEST DRIVE CALLTORQUE? <br \/> Experimente equipamentos de alta performance!\n\t\t\t\t\t<\/a>\n\t<h3>\n\t\t\t\ttem alguma d\u00favida?\n\t\t\t<\/h3>\n\t<iframe loading=\"lazy\" src=\"https:\/\/maps.google.com\/maps?q=-29.8421487,-50.5213552&#038;t=&#038;z=13&#038;ie=UTF8&#038;iwloc=&#038;output=embed\" width=\"100%\" height=\"450\" allowfullscreen><\/iframe>\n\n","protected":false},"excerpt":{"rendered":"<p>EQUIPAMENTOS PROFISSIONAIS DE ALTA PERFORMANCE CONTATE-NOS. ATENDEMOS EM TODO O BRASIL CONTATO Comercial Ana Paula da Silva Ribeiro Assistente ComercialFone +55 51 3662 7324WhatsApp +55 51 9853 55067comercial@calltorque.com.br CONTATO Comercial \/ Loca\u00e7\u00e3o Ana Paula da Silva Ribeiro Assistente ComercialFone +55 51 3662 7324WhatsApp +55 51 99884 7324locacao@calltorque.com.br CONTATO Adm\/Financeiro Fabiani Aparecida Silveira Assistente Adm\/FinanceiroFone +55 [&hellip;]<\/p>\n","protected":false},"author":1,"featured_media":3369,"parent":0,"menu_order":0,"comment_status":"closed","ping_status":"closed","template":"","meta":{"site-sidebar-layout":"default","site-content-layout":"page-builder","ast-site-content-layout":"default","site-content-style":"default","site-sidebar-style":"default","ast-global-header-display":"","ast-banner-title-visibility":"","ast-main-header-display":"","ast-hfb-above-header-display":"","ast-hfb-below-header-display":"","ast-hfb-mobile-header-display":"","site-post-title":"disabled","ast-breadcrumbs-content":"","ast-featured-img":"disabled","footer-sml-layout":"","ast-disable-related-posts":"","theme-transparent-header-meta":"enabled","adv-header-id-meta":"","stick-header-meta":"","header-above-stick-meta":"","header-main-stick-meta":"","header-below-stick-meta":"","astra-migrate-meta-layouts":"default","ast-page-background-enabled":"default","ast-page-background-meta":{"desktop":{"background-color":"","background-image":"","background-repeat":"repeat","background-position":"center center","background-size":"auto","background-attachment":"scroll","background-type":"","background-media":"","overlay-type":"","overlay-color":"","overlay-opacity":"","overlay-gradient":""},"tablet":{"background-color":"","background-image":"","background-repeat":"repeat","background-position":"center center","background-size":"auto","background-attachment":"scroll","background-type":"","background-media":"","overlay-type":"","overlay-color":"","overlay-opacity":"","overlay-gradient":""},"mobile":{"background-color":"","background-image":"","background-repeat":"repeat","background-position":"center center","background-size":"auto","background-attachment":"scroll","background-type":"","background-media":"","overlay-type":"","overlay-color":"","overlay-opacity":"","overlay-gradient":""}},"ast-content-background-meta":{"desktop":{"background-color":"var(--ast-global-color-5)","background-image":"","background-repeat":"repeat","background-position":"center center","background-size":"auto","background-attachment":"scroll","background-type":"","background-media":"","overlay-type":"","overlay-color":"","overlay-opacity":"","overlay-gradient":""},"tablet":{"background-color":"var(--ast-global-color-5)","background-image":"","background-repeat":"repeat","background-position":"center center","background-size":"auto","background-attachment":"scroll","background-type":"","background-media":"","overlay-type":"","overlay-color":"","overlay-opacity":"","overlay-gradient":""},"mobile":{"background-color":"var(--ast-global-color-5)","background-image":"","background-repeat":"repeat","background-position":"center center","background-size":"auto","background-attachment":"scroll","background-type":"","background-media":"","overlay-type":"","overlay-color":"","overlay-opacity":"","overlay-gradient":""}},"footnotes":""},"class_list":["post-9","page","type-page","status-publish","has-post-thumbnail","hentry"],"yoast_head":"<!-- This site is optimized with the Yoast SEO plugin v27.5 - https:\/\/yoast.com\/product\/yoast-seo-wordpress\/ -->\n<title>Equipamentos profissionais de alta performance: CONTATE-NOS<\/title>\n<meta name=\"description\" content=\"Deseja conhecer ou comprar equipamentos profissionais de alta performance, entre em contato atrav\u00e9s de um de nossos canais de atendimento\" \/>\n<meta name=\"robots\" content=\"index, follow, max-snippet:-1, max-image-preview:large, max-video-preview:-1\" \/>\n<link rel=\"canonical\" href=\"https:\/\/calltorque.com.br\/index.php\/contato\/\" \/>\n<meta property=\"og:locale\" content=\"pt_BR\" \/>\n<meta property=\"og:type\" content=\"article\" \/>\n<meta property=\"og:title\" content=\"Equipamentos profissionais de alta performance: CONTATE-NOS\" \/>\n<meta property=\"og:description\" content=\"Deseja conhecer ou comprar equipamentos profissionais de alta performance, entre em contato atrav\u00e9s de um de nossos canais de atendimento\" \/>\n<meta property=\"og:url\" content=\"https:\/\/calltorque.com.br\/index.php\/contato\/\" \/>\n<meta property=\"og:site_name\" content=\"Calltorque Ferramentas Industriais\" \/>\n<meta property=\"article:modified_time\" content=\"2025-04-29T15:00:59+00:00\" \/>\n<meta property=\"og:image\" content=\"https:\/\/calltorque.com.br\/wp-content\/uploads\/2023\/09\/equipamentos-profissionais-alta-performance_20-anos_w.jpg\" \/>\n\t<meta property=\"og:image:width\" content=\"700\" \/>\n\t<meta property=\"og:image:height\" content=\"700\" \/>\n\t<meta property=\"og:image:type\" content=\"image\/jpeg\" \/>\n<meta name=\"twitter:card\" content=\"summary_large_image\" \/>\n<meta name=\"twitter:label1\" content=\"Est. tempo de leitura\" \/>\n\t<meta name=\"twitter:data1\" content=\"3 minutos\" \/>\n<script type=\"application\/ld+json\" class=\"yoast-schema-graph\">{\"@context\":\"https:\\\/\\\/schema.org\",\"@graph\":[{\"@type\":\"WebPage\",\"@id\":\"https:\\\/\\\/calltorque.com.br\\\/index.php\\\/contato\\\/\",\"url\":\"https:\\\/\\\/calltorque.com.br\\\/index.php\\\/contato\\\/\",\"name\":\"Equipamentos profissionais de alta performance: CONTATE-NOS\",\"isPartOf\":{\"@id\":\"https:\\\/\\\/calltorque.com.br\\\/#website\"},\"primaryImageOfPage\":{\"@id\":\"https:\\\/\\\/calltorque.com.br\\\/index.php\\\/contato\\\/#primaryimage\"},\"image\":{\"@id\":\"https:\\\/\\\/calltorque.com.br\\\/index.php\\\/contato\\\/#primaryimage\"},\"thumbnailUrl\":\"https:\\\/\\\/calltorque.com.br\\\/wp-content\\\/uploads\\\/2023\\\/09\\\/equipamentos-profissionais-alta-performance_20-anos_w.jpg\",\"datePublished\":\"2018-07-03T08:59:58+00:00\",\"dateModified\":\"2025-04-29T15:00:59+00:00\",\"description\":\"Deseja conhecer ou comprar equipamentos profissionais de alta performance, entre em contato atrav\u00e9s de um de nossos canais de atendimento\",\"breadcrumb\":{\"@id\":\"https:\\\/\\\/calltorque.com.br\\\/index.php\\\/contato\\\/#breadcrumb\"},\"inLanguage\":\"pt-BR\",\"potentialAction\":[{\"@type\":\"ReadAction\",\"target\":[\"https:\\\/\\\/calltorque.com.br\\\/index.php\\\/contato\\\/\"]}]},{\"@type\":\"ImageObject\",\"inLanguage\":\"pt-BR\",\"@id\":\"https:\\\/\\\/calltorque.com.br\\\/index.php\\\/contato\\\/#primaryimage\",\"url\":\"https:\\\/\\\/calltorque.com.br\\\/wp-content\\\/uploads\\\/2023\\\/09\\\/equipamentos-profissionais-alta-performance_20-anos_w.jpg\",\"contentUrl\":\"https:\\\/\\\/calltorque.com.br\\\/wp-content\\\/uploads\\\/2023\\\/09\\\/equipamentos-profissionais-alta-performance_20-anos_w.jpg\",\"width\":700,\"height\":700},{\"@type\":\"BreadcrumbList\",\"@id\":\"https:\\\/\\\/calltorque.com.br\\\/index.php\\\/contato\\\/#breadcrumb\",\"itemListElement\":[{\"@type\":\"ListItem\",\"position\":1,\"name\":\"Home\",\"item\":\"https:\\\/\\\/calltorque.com.br\\\/\"},{\"@type\":\"ListItem\",\"position\":2,\"name\":\"Contato\"}]},{\"@type\":\"WebSite\",\"@id\":\"https:\\\/\\\/calltorque.com.br\\\/#website\",\"url\":\"https:\\\/\\\/calltorque.com.br\\\/\",\"name\":\"Calltorque Ferramentas Industriais\",\"description\":\"Ferramentas Industriais 5.0\",\"publisher\":{\"@id\":\"https:\\\/\\\/calltorque.com.br\\\/#organization\"},\"potentialAction\":[{\"@type\":\"SearchAction\",\"target\":{\"@type\":\"EntryPoint\",\"urlTemplate\":\"https:\\\/\\\/calltorque.com.br\\\/?s={search_term_string}\"},\"query-input\":{\"@type\":\"PropertyValueSpecification\",\"valueRequired\":true,\"valueName\":\"search_term_string\"}}],\"inLanguage\":\"pt-BR\"},{\"@type\":\"Organization\",\"@id\":\"https:\\\/\\\/calltorque.com.br\\\/#organization\",\"name\":\"Calltorque Ferramentas Industriais\",\"url\":\"https:\\\/\\\/calltorque.com.br\\\/\",\"logo\":{\"@type\":\"ImageObject\",\"inLanguage\":\"pt-BR\",\"@id\":\"https:\\\/\\\/calltorque.com.br\\\/#\\\/schema\\\/logo\\\/image\\\/\",\"url\":\"https:\\\/\\\/calltorque.com.br\\\/wp-content\\\/uploads\\\/2021\\\/05\\\/Calltorque_logo1a.png\",\"contentUrl\":\"https:\\\/\\\/calltorque.com.br\\\/wp-content\\\/uploads\\\/2021\\\/05\\\/Calltorque_logo1a.png\",\"width\":400,\"height\":91,\"caption\":\"Calltorque Ferramentas Industriais\"},\"image\":{\"@id\":\"https:\\\/\\\/calltorque.com.br\\\/#\\\/schema\\\/logo\\\/image\\\/\"}}]}<\/script>\n<!-- \/ Yoast SEO plugin. -->","yoast_head_json":{"title":"Equipamentos profissionais de alta performance: CONTATE-NOS","description":"Deseja conhecer ou comprar equipamentos profissionais de alta performance, entre em contato atrav\u00e9s de um de nossos canais de atendimento","robots":{"index":"index","follow":"follow","max-snippet":"max-snippet:-1","max-image-preview":"max-image-preview:large","max-video-preview":"max-video-preview:-1"},"canonical":"https:\/\/calltorque.com.br\/index.php\/contato\/","og_locale":"pt_BR","og_type":"article","og_title":"Equipamentos profissionais de alta performance: CONTATE-NOS","og_description":"Deseja conhecer ou comprar equipamentos profissionais de alta performance, entre em contato atrav\u00e9s de um de nossos canais de atendimento","og_url":"https:\/\/calltorque.com.br\/index.php\/contato\/","og_site_name":"Calltorque Ferramentas Industriais","article_modified_time":"2025-04-29T15:00:59+00:00","og_image":[{"width":700,"height":700,"url":"https:\/\/calltorque.com.br\/wp-content\/uploads\/2023\/09\/equipamentos-profissionais-alta-performance_20-anos_w.jpg","type":"image\/jpeg"}],"twitter_card":"summary_large_image","twitter_misc":{"Est. tempo de leitura":"3 minutos"},"schema":{"@context":"https:\/\/schema.org","@graph":[{"@type":"WebPage","@id":"https:\/\/calltorque.com.br\/index.php\/contato\/","url":"https:\/\/calltorque.com.br\/index.php\/contato\/","name":"Equipamentos profissionais de alta performance: CONTATE-NOS","isPartOf":{"@id":"https:\/\/calltorque.com.br\/#website"},"primaryImageOfPage":{"@id":"https:\/\/calltorque.com.br\/index.php\/contato\/#primaryimage"},"image":{"@id":"https:\/\/calltorque.com.br\/index.php\/contato\/#primaryimage"},"thumbnailUrl":"https:\/\/calltorque.com.br\/wp-content\/uploads\/2023\/09\/equipamentos-profissionais-alta-performance_20-anos_w.jpg","datePublished":"2018-07-03T08:59:58+00:00","dateModified":"2025-04-29T15:00:59+00:00","description":"Deseja conhecer ou comprar equipamentos profissionais de alta performance, entre em contato atrav\u00e9s de um de nossos canais de atendimento","breadcrumb":{"@id":"https:\/\/calltorque.com.br\/index.php\/contato\/#breadcrumb"},"inLanguage":"pt-BR","potentialAction":[{"@type":"ReadAction","target":["https:\/\/calltorque.com.br\/index.php\/contato\/"]}]},{"@type":"ImageObject","inLanguage":"pt-BR","@id":"https:\/\/calltorque.com.br\/index.php\/contato\/#primaryimage","url":"https:\/\/calltorque.com.br\/wp-content\/uploads\/2023\/09\/equipamentos-profissionais-alta-performance_20-anos_w.jpg","contentUrl":"https:\/\/calltorque.com.br\/wp-content\/uploads\/2023\/09\/equipamentos-profissionais-alta-performance_20-anos_w.jpg","width":700,"height":700},{"@type":"BreadcrumbList","@id":"https:\/\/calltorque.com.br\/index.php\/contato\/#breadcrumb","itemListElement":[{"@type":"ListItem","position":1,"name":"Home","item":"https:\/\/calltorque.com.br\/"},{"@type":"ListItem","position":2,"name":"Contato"}]},{"@type":"WebSite","@id":"https:\/\/calltorque.com.br\/#website","url":"https:\/\/calltorque.com.br\/","name":"Calltorque Ferramentas Industriais","description":"Ferramentas Industriais 5.0","publisher":{"@id":"https:\/\/calltorque.com.br\/#organization"},"potentialAction":[{"@type":"SearchAction","target":{"@type":"EntryPoint","urlTemplate":"https:\/\/calltorque.com.br\/?s={search_term_string}"},"query-input":{"@type":"PropertyValueSpecification","valueRequired":true,"valueName":"search_term_string"}}],"inLanguage":"pt-BR"},{"@type":"Organization","@id":"https:\/\/calltorque.com.br\/#organization","name":"Calltorque Ferramentas Industriais","url":"https:\/\/calltorque.com.br\/","logo":{"@type":"ImageObject","inLanguage":"pt-BR","@id":"https:\/\/calltorque.com.br\/#\/schema\/logo\/image\/","url":"https:\/\/calltorque.com.br\/wp-content\/uploads\/2021\/05\/Calltorque_logo1a.png","contentUrl":"https:\/\/calltorque.com.br\/wp-content\/uploads\/2021\/05\/Calltorque_logo1a.png","width":400,"height":91,"caption":"Calltorque Ferramentas Industriais"},"image":{"@id":"https:\/\/calltorque.com.br\/#\/schema\/logo\/image\/"}}]}},"_links":{"self":[{"href":"https:\/\/calltorque.com.br\/index.php\/wp-json\/wp\/v2\/pages\/9","targetHints":{"allow":["GET"]}}],"collection":[{"href":"https:\/\/calltorque.com.br\/index.php\/wp-json\/wp\/v2\/pages"}],"about":[{"href":"https:\/\/calltorque.com.br\/index.php\/wp-json\/wp\/v2\/types\/page"}],"author":[{"embeddable":true,"href":"https:\/\/calltorque.com.br\/index.php\/wp-json\/wp\/v2\/users\/1"}],"replies":[{"embeddable":true,"href":"https:\/\/calltorque.com.br\/index.php\/wp-json\/wp\/v2\/comments?post=9"}],"version-history":[{"count":57,"href":"https:\/\/calltorque.com.br\/index.php\/wp-json\/wp\/v2\/pages\/9\/revisions"}],"predecessor-version":[{"id":4055,"href":"https:\/\/calltorque.com.br\/index.php\/wp-json\/wp\/v2\/pages\/9\/revisions\/4055"}],"wp:featuredmedia":[{"embeddable":true,"href":"https:\/\/calltorque.com.br\/index.php\/wp-json\/wp\/v2\/media\/3369"}],"wp:attachment":[{"href":"https:\/\/calltorque.com.br\/index.php\/wp-json\/wp\/v2\/media?parent=9"}],"curies":[{"name":"wp","href":"https:\/\/api.w.org\/{rel}","templated":true}]}}